What is the units digit of r?
0
Suppose -u = u + 14. Let q(m) = -2*m**2 - 15*m - 3. Let d be q(u). What is the hundreds digit of (-5)/((-70)/d) + (-3291)/(-21)?
1
Suppose -22 = -d + 15. Let t = d - 25. Suppose -m = -29 + t. What is the units digit of m?
7
Let x(z) be the first derivative of -z**5/6 - 13*z**4/12 + 11*z**3/3 - 10. Let j(c) be the third derivative of x(c). What is the hundreds digit of j(-11)?
1
Suppose -4*l + 4*y = -16868, 10*y = 4*l + 15*y - 16823. Suppose 0 = 25*t + t - l. What is the units digit of t?
2
Let d = 740 + -719. What is the units digit of 2611/d*9/3?
3
Let i = -115 - -239. Suppose g - 67 - i = 0. What is the hundreds digit of g?
1
Let q(i) = i**2 - 51*i - 54*i + 20 + 110*i. Let y be q(-3). Suppose -11*f + y*f = 438. What is the units digit of f?
6
Suppose 712 = -s + z, s + 521 + 161 = -5*z. Let u = 1317 + s. What is the tens digit of u?
1
Suppose -3*h = 3*i - 15, 0*h - i = -5*h + 25. Suppose 3 = -h*t + 33. Suppose -829 = -t*m + 35. What is the tens digit of m?
4
Let l(s) = -2752*s + 1497. What is the hundreds digit of l(-4)?
5
Let j = 2410 + 2972. What is the hundreds digit of j?
3
Suppose -421*c + 5989659 - 9354 = 0. What is the hundreds digit of c?
2
Let l = 14631 - -29989. What is the tens digit of l?
2
Let c(i) = -i**3 - 10*i**2 - 20*i + 13. Let l be c(-7). Suppose 5*r = -l*r + 3245. What is the units digit of r?
5
Let f be 12/10*25/10. Suppose 3*c - 471 = -f*a, -5*c = -3*c - 4*a - 344. What is the units digit of c?
2
Let s = 20 - 20. Suppose 4*a + s*a - 102 = -k, -44 = -2*a + 3*k. Let d = -1 + a. What is the tens digit of d?
2
Let j = -196 - -200. Suppose -1813 - 1471 = -j*g. What is the hundreds digit of g?
8
Suppose 21*a = 19*a + 24. Let x be 3*212/a*-1. Let o = x + 59. What is the units digit of o?
6
Let s(y) = -8*y + 48 + 47 - 820*y**3 + 9*y**2 + 19*y - 93. What is the units digit of s(-1)?
0
Let j be (-170)/(-10) - 1*2. Suppose -113 = w + w - 3*n, 0 = -3*n - j. Let v = w - -78. What is the tens digit of v?
1
Let i be (6/(-9) + 1)/(4/9444). Let y = -475 + i. Suppose -3 = u, 0 = -2*h + u - 5*u + y. What is the tens digit of h?
6
Let w = 6484 + -6402. Let v(o) = -o**3 + o. Let n be v(1). Suppose n = 78*x - w*x + 816. What is the hundreds digit of x?
2
Let n(z) = -z**3 + 28*z**2 - 10*z - 3. Let d be n(19). Suppose -10*g + 2*g + d = 0. What is the hundreds digit of g?
3
Suppose 13*s - 25*s + 20*s = 0. Let f be 603/6 + 2/(-4). Suppose s = -2*a + a + f. What is the hundreds digit of a?
1
Let v = 10894 + -4276. Let c = 2852 - v. What is the units digit of c/(-18) + 4/(-18)?
9
Suppose 3*a + 58 = -4*l + a, -l = 3*a + 12. Let i = l + 142. Let z = i - 89. What is the units digit of z?
8
Let c(a) = 2*a + 2. Let r be c(-6). What is the tens digit of (-495)/(-6)*r/(-3)?
7
Let s = 21209 + -15472. What is the thousands digit of s?
5
Let m = -141 + 41. Let r = m - -114. Let j = r + 3. What is the tens digit of j?
1
Let g be 146/(-14)*(29 + -36). Suppose g*c = 78*c - 115. What is the tens digit of c?
2
Let v = 262 + -97. Let r = v - 93. What is the units digit of r?
2
Let w = -423 + 244. What is the units digit of w/(-3) - 62/93?
9
Let k = -3913 - -5434. What is the hundreds digit of k?
5
Let d(p) = -46 - 95 + 12*p + 24*p + 24 + 17*p. What is the units digit of d(5)?
8
Let q = -107 - -232. Suppose 191 = 2*j - q. What is the tens digit of 1*2 + (j - 7)?
5
Suppose 2*v = o - 1883 - 1959, 4*v = -3*o + 11556. What is the hundreds digit of o?
8
Let u(i) = 320*i**2 + 7*i - 4. Let a(g) = -107*g**2 - 2*g + 1. Suppose -3*h = 24 - 18. Let p(y) = h*u(y) - 7*a(y). What is the tens digit of p(-1)?
1
Suppose 4*b - 39635 = -q, -3*b + 3*q + 6255 = -23475. Suppose -16891 = -20*d + b. What is the thousands digit of d?
1
Let w = 15 + -8. Let l be (-6)/(-48) + 31743/72. Suppose -w*s - 2*s = -l. What is the tens digit of s?
4
Let k(i) = -i**2 + i + 1. Let c(m) = -9*m**2 - 24*m + 260. Let l(z) = -c(z) + 3*k(z). What is the units digit of l(11)?
6
Let j(u) = 31*u - 188. Let f be j(12). Suppose -3*x = 4*g - 896 + f, -4*g + 684 = -4*x. What is the tens digit of g?
7
Suppose 0*w = -2*w + s + 27439, -3*w - s + 41166 = 0. What is the hundreds digit of w?
7
Suppose 39396 = 3*c - 33*y + 30*y, 3*c - 2*y = 39399. What is the ten thousands digit of c?
1
Let z = 30827 + -19950. What is the tens digit of z?
7
Let b = 33 - 29. Suppose -2*u - 3*i + 412 = 0, 2*i = -b*u + 4*i + 856. Suppose -68 + u = 4*r. What is the units digit of r?
6
Let i(h) = -49 - 26*h - 7 - h**2 + 18. What is the units digit of i(-14)?
0
Let b(g) = 8*g**2 + 44*g + 5. Let j(n) = -17*n**2 - 90*n - 9. Let t(k) = -9*b(k) - 4*j(k). Let o be t(-15). Let a = -190 - o. What is the hundreds digit of a?
1
Let b = -40 + -54. Let y = -92 - b. Suppose 0 = -y*u - s + 64, 145 = 5*u - 0*s - 5*s. What is the units digit of u?
1
Let f be ((-202)/6)/((-3)/(-99)). Let o = 1970 + f. What is the hundreds digit of o?
8
Suppose 3*t = -9, 4*f - t = 10 + 37. Suppose -4*d = f + 13. What is the units digit of (-105)/d + 6/(-12)?
7
Suppose -3*c = -y - 0*y - 28, 4*y = -4*c + 64. Suppose -6*g - 700 = -c*g. Suppose -g = -5*z + 3*z - 5*i, 5*i = 2*z - 140. What is the tens digit of z?
7
Let a(d) be the third derivative of d**6/60 + d**5/30 + d**4/4 + 13*d**3/2 + 42*d**2 + 1. What is the hundreds digit of a(8)?
2
Let q = -20179 - -40173. What is the ten thousands digit of q?
1
Suppose 0 = 205*n - 203*n - 2572. Let k = n - 344. What is the tens digit of k?
4
Let y = -293 - -758. Suppose 0 = 5*w - 750 - y. Let u = w - 123. What is the hundreds digit of u?
1
Let n be 0/1 - (-3 + 3)/1. Suppose 21*f - 7324 + 2578 = n. What is the tens digit of f?
2
Let r(z) = -3*z**3 - 14*z**2 + 3*z + 1. Suppose 13*p + 16 = 11*p. What is the hundreds digit of r(p)?
6
Let d = -162 + 551. Suppose -234 = -11*v + 8*v - 2*u, -5*v - 3*u + d = 0. What is the units digit of v?
6
Let o(f) = -2*f**3 + 14*f**2 - 2*f + 16. Let r be o(7). What is the units digit of ((-249)/(-6))/(r*1/8)?
6
Suppose -10*y - 1 - 89 = 0. What is the units digit of 11 + (3/y - (-26)/6)?
5
Let z(f) = -f**2 + 9*f - 9. Let q be 4 - (1 - -1)*1 - -5. Let g be z(q). Suppose -g*j + 3*j = 2*y - 228, j = 3. What is the units digit of y?
1
Suppose 2885 = -4*t + 14721. Suppose -3*m + 0*c + 1776 = -3*c, 5*m - 4*c - t = 0. What is the hundreds digit of m?
5
Suppose -20931 = -h + m + 17489, 4*m = -h + 38430. What is the hundreds digit of h?
4
Let b(g) = 15*g**2 - 22*g + 10. Let m(c) = -15*c**2 + 22*c - 11. Let v(t) = 3*b(t) + 2*m(t). What is the units digit of v(4)?
0
Let r = 78091 - 45664. What is the thousands digit of r?
2
Let t(m) = -m + 1. Suppose 0 = -3*o + 4*l + 34, 31 = 2*o - 4*l + 3. Suppose p = o*p + 25. What is the units digit of t(p)?
6
Suppose 3*i - 16*i = 0. Suppose 4*x - 2*a - 1504 = i, 2*x - 370 = x - a. What is the hundreds digit of x?
3
Let z be 14/(-63) - ((-13414)/18 + 1). Let p = -398 + z. What is the tens digit of p?
4
Let u be (-38 + 1)*(5/1 - 24). Suppose -3*v - u = -5620. Suppose 9 = 8*x - v. What is the tens digit of x?
0
Let h(q) = 4*q + 3. Let t be h(-1). Let l be (t + -1 + 2)/2. Suppose l = 6*b - 11*b + 690. What is the tens digit of b?
3
Suppose 16*m + 1652 = -396. What is the tens digit of 0*1/(-4) - m/4?
3
Suppose 881*v - 349*v = 20974632. What is the units digit of v?
6
Let i be (0 + 1)*(7 + -5). Suppose 0 = -i*c - 2*s - 62, 0*s - 2*s + 46 = -c. What is the tens digit of (-176)/12*c/8?
6
Let j be ((5 + -2)/3)/(12/(-6288)). Let h = -56 - j. What is the hundreds digit of h?
4
What is the hundreds digit of (-228)/((27/18)/(153/(-12)))?
9
Suppose 5*y - 5*x = -235, -4*x + 59 = -y - 3. Let w = y + 44. Suppose -5*c + l = -4*l - 845, 4*l - 350 = -w*c. What is the hundreds digit of c?
1
Let l be 2*3/8 - 917/524. What is the hundreds digit of (-525)/(-10)*(-16)/(l - 1)?
4
Let k(z) be the first derivative of -4 - 10*z - 3/2*z**2. What is the units digit of k(-5)?
5
What is the units digit of ((-72)/27 - -2)*2522*-12?
6
Let r = 22 - -123. Let u = 152 + r. What is the units digit of u?
7
Let f = -51 + -84. Let o = 129 - f. What is the tens digit of o?
6
Let h(w) = w. Suppose 3*f + 5*t - 16 = 7*f, -4 = -t. Let d be h(f). Let b(r) = 203*r**2 + 1. What is the units digit of b(d)?
4
Let x = -31193 - -46161. What is the hundreds digit of x?
9
Suppose 0*u + 478 = 4*u + 2*f, 